ppose -58*h + 75 = 2*f - 59*h, 5*f - 3*h = 189. What is the highest common divisor of f and q?
18
Suppose 2*a + w - 106 = 49, 0 = -3*w + 15. Let b = 56 + -6. What is the highest common factor of a and b?
25
Suppose 0 = -5*t - 23*q + 26*q + 1494, 0 = t - 3*q - 294. Calculate the greatest common factor of t and 24.
12
Let c be 152/6*10/320*24. Let a be 171 + (0 + -2 - -2). Calculate the greatest common divisor of c and a.
19
Suppose -73 = -6*a - 217. Let w be (-200)/a + 1/(-3). Calculate the greatest common divisor of w and 16.
8
Let a(y) = -5*y**3 + 3*y**3 + 7*y + 0*y**3 + 16 + 8*y**2 + 3*y**3. Let p be a(-7). Calculate the greatest common factor of 128 and p.
16
Suppose -n = -5*f - 46, -3 = -n + f + 27. What is the highest common divisor of n and 26?
26
Suppose 140 = 38*o - 24*o. Calculate the highest common divisor of o and 830.
10
Let v be 2 - (2/(-2))/1. Let z = 146 + -125. What is the highest common factor of v and z?
3
Let s(f) = -f**3 + 4*f**2 + 14*f + 16. Let q be s(6). Calculate the greatest common divisor of q and 70.
14
Let w(b) be the second derivative of -11*b**5/20 + b**3/3 + b**2/2 + 8*b. Let m be w(-1). Calculate the greatest common divisor of m and 70.
10
Let x(o) = 8*o + 3. Let t be x(1). Let l(h) = -h**3 + 41*h**2 + h - 19. Let s be l(41). What is the highest common divisor of t and s?
11
Let x = -6 + 8. Let a(k) = k**3 + 6*k**2 - x - 34*k + 28*k + 0*k**2. Let o be a(-6). What is the greatest common divisor of 306 and o?
34
Let b = 99 - 80. What is the greatest common divisor of b and 152?
19
Let z(a) = -40*a**3 - 5*a**2 - 3*a - 2. Let l be z(-3). Let s be l/4 - 3*(-1)/(-6). What is the highest common factor of s and 20?
20
Suppose 3*t = 27 + 6. Let o = 84 + -22. Let f = 15 + o. What is the highest common divisor of f and t?
11
Let r(t) = -3*t + 15. Let y be r(-4). Let o = 27 - y. Suppose -4*f - 4*l + o*l = -84, 4*f - l = 84. What is the highest common factor of 21 and f?
21
Let u = 22 + -12. Let x(o) = -8*o**3 + 3*o**2 + 4*o - 3. Let d be x(3). Let r be ((-12)/(-9))/((-3)/d). Calculate the highest common divisor of u and r.
10
Let b(k) = -7*k + 13. Suppose -6*y = -10*y - 12. Let a(v) = -v**2 + 4. Let z be a(y). Let g be b(z). What is the highest common factor of g and 120?
24
Let y(m) = -180*m. Let n be y(-1). Let j be (100/(-8))/(80/(-96)) - -3. What is the highest common factor of n and j?
18
Let k(z) = -z**2 + 14*z - 7. Let w be k(13). Suppose -176 = -10*d + 484. What is the greatest common factor of w and d?
6
Let q(m) = m**3 + 13*m**2 - 13*m + 29. Let d be q(-14). Let s be (-120)/3*(-42)/d. Suppose 0 = a + a - 32. What is the greatest common factor of s and a?
16
Let k be 4/(-22) + 1854/33. Let l(f) = 8*f**2 - 4*f - 5. Let p be l(-1). Calculate the greatest common divisor of p and k.
7
Let m(r) = 5*r**2 + r - 3. Let k be m(-6). What is the highest common factor of k and 18?
9
Let m = 29 + -24. Let g(n) = n + 4. Let d be g(m). Suppose 0*j + 3*k + 96 = j, -3*j = -5*k - 268. What is the highest common divisor of j and d?
9
Let p be ((-1)/(-2))/(14/84). Let c(d) = -2*d**2 + 3*d - 1. Let i be c(p). Let g be ((-4)/i)/(2/85). What is the greatest common factor of 170 and g?
17
Let m = 637 + -497. Calculate the highest common factor of 7 and m.
7
Suppose -3*l + 39 + 7 = 4*h, -4 = -h. Suppose -18 = -d - 0*d - 2*m, -10 = -d + 2*m. Suppose d*t - 64 = l*t. Calculate the highest common divisor of t and 128.
16
Let v(w) = -2*w**3 - 3*w - 3. Let u be v(-3). Let c = -44 + u. Suppose n = -4*o + 33, -2*o + 5*n + 14 = 3. What is the highest common divisor of c and o?
8
Let j(l) = -127*l + 2. Let o be j(-2). Let y be (2 + (-7)/5)/(2/70). Let x = y + 11. Calculate the greatest common factor of x and o.
32
Suppose -788 + 824 = 2*u. What is the greatest common factor of 549 and u?
9
Let d = 18 + -10. Let r be (-155)/(-4) - d/(-32). Suppose 4*j - 24 = -q + 24, -q + 5*j = -r. Calculate the highest common factor of q and 4.
4
Suppose 2*m = -5*x - 16, -4*x + 5*m = 3*m + 20. Let u be (-1525)/(-100) - (2 - (-7)/x). What is the greatest common divisor of 15 and u?
15
Suppose -15*f + 54 = 3*f. Calculate the greatest common divisor of 12 and f.
3
Suppose 7*h - 112 - 161 = 0. Let d = 96 + h. What is the highest common factor of 15 and d?
15
Suppose -100 = 3*y - 349. Suppose y = 2*h - 4*m - 5, -5*h - 2*m = -208. Calculate the greatest common factor of h and 63.
21
Let d(c) = c**2 + 7*c. Let g be d(-8). Let m = 356 - 348. Calculate the highest common factor of m and g.
8
Let v be ((-4680)/(-21))/5 + (-9)/(-21). Let w be (-24)/20*v/(-6). What is the highest common factor of w and 45?
9
Let b(u) = -u**3 - 4*u**2 + 2*u - 7. Let z be b(-5). Let o be -115 + 119 - 8/(-2). What is the greatest common divisor of z and o?
8
Let n(v) = 3*v**2 + 9*v - 32. Let s be n(5). What is the greatest common divisor of s and 572?
44
Let n be 287 - (0 + -1 + 2). Let p = -2 - -12. Suppose p*q - 6*q = 104. Calculate the highest common divisor of q and n.
26
Suppose -4569*r + 128 = -4561*r. What is the greatest common divisor of 196 and r?
4
Suppose c + 3*c - 20 = 0. Suppose 3*b = 2*y - 122, 0 = 28*y - 30*y + 2*b + 118. Calculate the greatest common factor of c and y.
5
Suppose -78 = -4*q - q - 4*a, 74 = 5*q + 2*a. What is the greatest common divisor of q and 434?
14
Suppose -7*u = -2*u - 10. Suppose -q = -2*p + 6, 21 - 5 = 4*q + u*p. Calculate the highest common factor of q and 8.
2
Let n = -70 + 70. Suppose n*x = -2*x + 10. Let u = -8 + 13. What is the highest common factor of x and u?
5
Let m = -98 + 194. Suppose 56 = 5*b - 2*t, t + 34 = 2*b + 6*t. What is the highest common factor of m and b?
12
Suppose -2*x - 3*t - 21 = -4*x, t = -4*x + 63. Suppose 75 = -34*o + 37*o. What is the greatest common divisor of x and o?
5
Let t = -713 - -1376. Let w be 3/2 - t/(-34). Calculate the greatest common factor of 168 and w.
21
Suppose 2200 = -a + 2*a. Let m be a/15*(-3)/(-2). Suppose 6*p - 42 = 4*p - 2*i, 3*p - 65 = -5*i. What is the highest common factor of m and p?
20
Let f(b) = -b + 8. Let k be f(6). Let q be ((k - 1)*16)/1. Let y be q*((-21)/(-4))/7. Calculate the highest common factor of y and 30.
6
Let w(n) = -n**2 + 1. Let k(y) = -3*y - 18. Let z be k(-6). Let t be w(z). What is the highest common factor of t and 2?
1
Suppose 3*s = 3*n + 30, 5*n - 14 + 39 = 0. Calculate the greatest common divisor of 5 and s.
5
Let c = -146 + 152. Calculate the highest common divisor of 54 and c.
6
Let m = -34 + 48. Suppose 21*v + 20 = 16*v, -5*d + 5*v = -370. What is the greatest common divisor of m and d?
14
Let s be 1*(7 - -4)*15. Suppose j = 6*j - s. What is the highest common divisor of j and 11?
11
Let z = 85 - 81. Suppose 0*i + 27 = 5*v + i, -3*i = -z*v + 14. Calculate the highest common factor of v and 35.
5
Let r be 12/(-42) - (-3 + 2967/(-21)). What is the greatest common divisor of r and 48?
48
Let j = 6 + -11. Let g be ((-12)/j)/(3/50). Let i be (0 - -6) + (-3 - -5). Calculate the highest common factor of i and g.
8
Suppose 0 = 4*f + 5*w - 202, 5*f = w + 3*w + 232. Let m = f - -24. Let n = -19 - -28. Calculate the highest common factor of m and n.
9
Let o(g) = 12*g + 20. Let q be o(6). Calculate the greatest common factor of 368 and q.
92
Let r = -33 + 39. What is the greatest common factor of r and 2?
2
Let m be (-12)/(-10) - ((-3)/(-15))/1. Suppose -55 = -8*c + 3*c. What is the highest common divisor of m and c?
1
Let h = 628 - 106. What is the highest common factor of 58 and h?
58
Let x = 2214 + -3. What is the greatest common factor of 33 and x?
33
Let c be -84*126/72*3/(-7). What is the highest common divisor of c and 14?
7
Let i = -343 + 368. What is the greatest common factor of 75 and i?
25
Suppose -342 = 3*v - 6*v. Let u(r) = -3*r - 6. Let t be u(-4). Suppose t*b + 36 = v. What is the greatest common factor of b and 39?
13
Let s be 35/14*18/5*-5. Let j = s - -126. Calculate the highest common divisor of 9 and j.
9
Let m be ((-6)/(-4))/(17/442). Calculate the highest common divisor of m and 52.
13
Let m(x) = -x**3 + 8*x**2 + 2*x - 8. Let a be m(8). Let z(v) = 2*v**2 + 10*v - 24. Let b be z(3). Calculate the highest common divisor of a and b.
8
Let k(u) = u**3 - 6*u**2 - 8*u - 3. Let n be k(7). Let l be 4/n + (-3760)/(-25). Calculate the greatest common divisor of l and 60.